e factors of o(9)?
3, 593
Let v = 8182 + -5037. What are the prime factors of v?
5, 17, 37
List the prime factors of (1620 + -5)/(-11 + 36/3).
5, 17, 19
Let h(o) = 21489*o - 4384. What are the prime factors of h(3)?
60083
Let k(g) = g**3 - 32*g**2 + 62*g - 313. What are the prime factors of k(39)?
2, 797
Let o = 2436 - 1231. Let r = -760 + o. List the prime factors of r.
5, 89
Let x = 1836 + -1031. Suppose 9*g - x = 16*g. Let h = -49 - g. List the prime factors of h.
2, 3, 11
Suppose 1974033 + 115879 = 2*s + 42*s. What are the prime factors of s?
2, 11, 17, 127
Let p(j) = -5*j**2 - 13*j - 11. Let y be p(-5). What are the prime factors of y*(1 + -5 - 0)?
2, 71
Suppose -381*m + 3676528 = 58*m - 63*m. List the prime factors of m.
2, 4889
Let j be -7 - -8 - 0/3. Let v(o) = 8 - 20*o + 56*o + 81*o. List the prime factors of v(j).
5
Suppose -61*f + 76895 = 4*f. List the prime factors of f.
7, 13
Let o = -22 - -22. Let p(s) = -35*s**2 + 14*s - 172. Let z(w) = 19*w**2 - 7*w + 86. Let i(b) = -6*p(b) - 11*z(b). List the prime factors of i(o).
2, 43
Let j(q) = 256*q**2 - 195*q - 2747. What are the prime factors of j(-16)?
17, 3877
Let f(g) be the first derivative of -17/2*g**2 + 3*g + 1/3*g**3 - 17. What are the prime factors of f(20)?
3, 7
List the prime factors of (-19)/(-114)*30 - -7559.
2, 31, 61
Let y = 225 - 223. List the prime factors of y/17 + 3600/34.
2, 53
Let s(h) = h**3 + 4*h**2 - 7*h - 4. Let t be s(-6). Let k(r) = -63*r + 207. Let m be k(4). Let n = t - m. List the prime factors of n.
11
Let n = -6826 + 11274. List the prime factors of n.
2, 139
Let h(s) = -251*s**2 - 2*s - 3. Let p be h(-1). What are the prime factors of 4/(-14) + (-200664)/p?
2, 199
Let l(p) be the first derivative of 35*p**4/2 - p**3/3 + p**2/2 - 12. Let y be l(1). Suppose -7*q + y = -2*q. What are the prime factors of q?
2, 7
Suppose -5*z + 3*t - 6*t + 4 = 0, -5*t + 15 = 0. Let p be 18/7 - z/(-7)*-3. Suppose 0 = u + 1, -p*k + 4*k = 3*u + 46. What are the prime factors of k?
43
Let r be (-1)/(-2)*(6 - 6). Let p(f) = 5*f**2 + 3*f + 40. List the prime factors of p(r).
2, 5
Let q be -2*3/(-6) + -4 + 125. Let h = -218 + q. Let t = -70 - h. What are the prime factors of t?
2, 13
Let o be (5 + -5)*2/4. Let i(z) = 1 - 4 + 7 - 14*z + o*z. What are the prime factors of i(-3)?
2, 23
Suppose -8*d - 10 - 70 = 0. Let a(s) = -5*s**2 + 26*s + 98. Let k(o) = 3*o**2 - 17*o - 65. Let x(c) = -5*a(c) - 8*k(c). What are the prime factors of x(d)?
2, 5, 7
Let l = 598 - 606. Let r(a) = -106*a + 211. What are the prime factors of r(l)?
3, 353
Let u = -84806 + 145794. What are the prime factors of u?
2, 79, 193
Let b(f) = 5*f + 23. Let z be b(5). Let a = z + -13. Suppose a*s + 480 = 39*s. List the prime factors of s.
2, 3, 5
What are the prime factors of 63/(-28) + ((-277254)/(-24) - 6)?
2, 3, 13, 37
Suppose 5*d - 13037 = -4*a - 1825, 5*a - 3*d = 13978. What are the prime factors of a?
2, 1399
Let y(l) = -81*l - 157. Let i be y(-6). List the prime factors of i/(6*(-6)/12 + 4).
7, 47
Let r(v) = -4*v**3 - 2*v**2 + v - 2. Let u be r(-3). Suppose -3792*q + 3800*q - 144 = 0. Let y = u + q. What are the prime factors of y?
103
Let z(k) be the second derivative of -k**5/20 + k**4/6 + 3*k**3/2 - k**2/2 + 11*k. Let q be z(4). Suppose -q*b = -b - 184. List the prime factors of b.
2, 23
Let b = -1271 + 1856. Let a be 38*(-14)/(-36) - (-12)/54. Suppose 0 = -10*x + a*x - b. List the prime factors of x.
3, 13
Let p = 5376 + 253. What are the prime factors of p?
13, 433
Suppose 4*o - 155*i + 156*i - 12716 = 0, 4*o - 6*i = 12744. List the prime factors of o.
2, 3, 5, 53
Suppose 116*j - 120*j + 29698 = 3*w, 4*w + 2*j = 39614. List the prime factors of w.
2, 3, 13, 127
Let b = 106 + -102. Suppose -3*x + 1032 = 3*u, 5*x = b*u + 657 - 1988. What are the prime factors of u?
3, 113
Suppose 5*y - 3*f = -2*f + 21, 5*f = 20. Suppose -5*d + 530 = y*v, 0*v - 94 = -v + 5*d. Suppose -x + v = z, 0 = -x + 6*x + 25. What are the prime factors of z?
109
Suppose -3*x + 3165 = 2*o + 2*x, 2*o - 3171 = x. Suppose 11*n = 6*n + o. What are the prime factors of n?
317
Let i(u) be the second derivative of -u**4/6 - 17*u**2/2 - u. Let t(s) be the first derivative of i(s). List the prime factors of t(-5).
2, 5
Suppose 5*o + 0*o - m - 2924 = 0, 0 = -4*o - 5*m + 2316. Let v = o + -284. What are the prime factors of v?
2, 3, 5
Suppose -3*t + 33553 + 98451 = 4*f, -44003 = -t - f. List the prime factors of t.
2, 5501
Let x = -22 - -30. Let k(b) = 6 + 5*b**2 + b + b**3 - 6*b**2 - 6*b**2 + 0. List the prime factors of k(x).
2, 3, 13
Let q(w) = -2*w**3 - 5*w**2 + 4*w - 10. Let i be q(3). Let p be i/(-7) - 2/(-14). What are the prime factors of 3714/p + 16/(-56)?
5, 53
Suppose 32*s - 33996 = 57*s - 28*s. What are the prime factors of s?
2, 2833
Suppose -20*j - 4*y + 4100 = -19*j, -3*j = -3*y - 12345. What are the prime factors of j?
2, 257
Suppose 4*c - 28 = o, 2*c = 5*o + 13 + 19. Suppose -c*g = -1453 - 3545. List the prime factors of g.
7, 17
Suppose -l = -5*p + 22224 + 20280, 4*p - 2*l - 34002 = 0. List the prime factors of p.
8501
What are the prime factors of 25000/400*(-2 + 4)/(1/91)?
5, 7, 13
Suppose -25*n + 58*n - 15*n = 199098. What are the prime factors of n?
3, 1229
Suppose -14*d + 14 = -7*d. Suppose 4080 = 5*f - 3*a + 489, 3*f - 2154 = d*a. What are the prime factors of f?
2, 3, 5
List the prime factors of 34120/7 - 23/((-3703)/(-46)).
2, 2437
Let k(v) be the second derivative of -v**5/20 + 5*v**4/3 + v**3/3 - 61*v**2 - 168*v. What are the prime factors of k(12)?
2, 17, 31
Let u = 36537 + -28121. What are the prime factors of u?
2, 263
Suppose -5*l + 5*w + 5550 = 0, 7205 - 2717 = 4*l + 4*w. List the prime factors of l.
2, 3, 31
Let d = 32451 + -15657. List the prime factors of d.
2, 3, 311
List the prime factors of (3 + -1)*(-3 - -7) + 3371.
31, 109
Let i = 654 - 647. Suppose 0 = -i*w + 3848 + 450. What are the prime factors of w?
2, 307
Let t(y) = -5*y**2 + 69*y - 33. Let q be t(23). Let s = q - -2050. What are the prime factors of s?
7, 137
Let c(m) = 748*m - 114. List the prime factors of c(10).
2, 29, 127
Suppose -1204 - 1694 = -7*p. Let o = p - 336. List the prime factors of o.
2, 3, 13
Suppose -17*j - 64*j = 45*j - 1362942. What are the prime factors of j?
29, 373
List the prime factors of (-2 + 1)/(1346074/(-89737) - -15).
4723
Let s = -27030 + 46086. What are the prime factors of s?
2, 3, 397
Suppose 6262*l = -3*r + 6261*l + 73188, -5*l - 122000 = -5*r. List the prime factors of r.
31, 787
Suppose 69*v = 1756807 + 613343. List the prime factors of v.
2, 3, 5, 229
Suppose -17*m + 1934 - 9720 = 0. Let f = -257 - m. List the prime factors of f.
3, 67
Suppose 3*w + 26 = 41. Suppose q = -2*k + 672, -w*q + 656 = -k + 3*k. List the prime factors of k.
2, 13
Suppose -84*r + 60 = -81*r. Suppose 0 = -16*i + r*i - 124. List the prime factors of 1 + 0 - (-5 + i*-6).
2, 3
Suppose 2*f = -6, 3*x - 243*f = -247*f + 22002. List the prime factors of x.
2, 3, 1223
Let l be 18/(-2)*20/(-60). Let o(s) = 32*s**2 + 7*s - 2. List the prime factors of o(l).
307
Let p = -3955 - -6550. Let g = -840 + p. List the prime factors of g.
3, 5, 13
Let v = 3 - 4. Let k be 0/((v - -3)*-1). Let n(r) = r**3 - 2*r**2 + r + 73. List the prime factors of n(k).
73
Let h = -9 - -14. Suppose -h*c - 1432 = d, -5*c - 1468 + 45 = 4*d. Let o = c + 420. List the prime factors of o.
7, 19
Let d = 11133 + -4977. Suppose 5*s - d = 4*q, s = -10*q + 6*q + 1236. List the prime factors of s.
2, 7, 11
Suppose -2*x - 22 = 3*p, 4*p - 15 - 1 = 3*x. Let r(v) = -3*v - 24. Let q be r(x). Suppose q = -f + 47 + 21. List the prime factors of f.
2, 17
Suppose -5*p - 17*v = -12*v - 106980, 4*p = 5*v + 85629. List the prime factors of p.
21401
Let k = -26850 - -44681. What are the prime factors of k?
11, 1621
Suppose -2*r - 72 + 106 = 0. Let f = r - 3. Suppose -19*t + 615 = -f*t. What are the prime factors of t?
3, 41
Suppose 5*h - 340 = -5*m, -5*m + 5*h = -148 - 192. Suppose -4*z - 24 - m = 0. Let n = -21 - z. What are the prime factors of n?
2
Let b be (-10)/(-1)*-1*-68. Suppose -3*v - b = -q, 5*v = 2*q - 41 - 1322. What are the prime factors of q?
13, 53
Suppose 7425 = -25*s - 0*s. List the prime factors of s/6*(-64)/6.
2, 3, 11
Suppose 332*g - 466*g + 2612355 + 1877047 = 0. What are the